{"id":39,"date":"2019-01-19T20:00:21","date_gmt":"2019-01-19T19:00:21","guid":{"rendered":"http:\/\/www.gesundheitszentrum-suhl.de\/?page_id=39"},"modified":"2021-11-16T13:01:24","modified_gmt":"2021-11-16T12:01:24","slug":"das-beste-fuer-ihren-ruecken","status":"publish","type":"page","link":"https:\/\/www.gesundheitszentrum-suhl.de\/?page_id=39","title":{"rendered":"Unser Angebot"},"content":{"rendered":"\n<h3>\u00dcbersicht<\/h3>\n\n\n\n<ul class=\"has-medium-font-size\"><li>Physiotherapie <\/li><li>Manuelle Therapie <\/li><li>Krankengymnastik am Ger\u00e4t<\/li><li>Krankengymnastik nach Bobath f\u00fcr Erwachsene <\/li><li><a href=\"http:\/\/www.gesundheitszentrum-suhl.de\/?page_id=537\">Osteopathie <\/a>f\u00fcr Erwachsene und Kinder<\/li><li><a href=\"http:\/\/www.gesundheitszentrum-suhl.de\/?page_id=449\">Medizinische Trainingstherapie<\/a> nach dem FPZ Konzept <\/li><li>MOVENS &#8211; isodynamische Trainingstherapie am Ger\u00e4tezirkel<\/li><li>Rehabilitationssport \/ Herzsport<\/li><li>Wassergymnastik<\/li><li>Pr\u00e4ventionssport nach \u00a720 <\/li><li>Pilates<\/li><li>Hatha Yoga<\/li><li>Progressive Muskelrelaxation (PMR)<\/li><li>Medizinische Ern\u00e4hrungsberatung<\/li><\/ul>\n","protected":false},"excerpt":{"rendered":"<p>\u00dcbersicht Physiotherapie Manuelle Therapie Krankengymnastik am Ger\u00e4t Krankengymnastik nach Bobath f\u00fcr Erwachsene Osteopathie f\u00fcr Erwachsene und Kinder Medizinische Trainingstherapie nach dem FPZ Konzept MOVENS &#8211; isodynamische Trainingstherapie am Ger\u00e4tezirkel Rehabilitationssport \/ Herzsport Wassergymnastik Pr\u00e4ventionssport nach \u00a720 Pilates Hatha Yoga Progressive Muskelrelaxation (PMR) Medizinische Ern\u00e4hrungsberatung<\/p>\n","protected":false},"author":1,"featured_media":0,"parent":0,"menu_order":10,"comment_status":"closed","ping_status":"closed","template":"","meta":[],"_links":{"self":[{"href":"https:\/\/www.gesundheitszentrum-suhl.de\/index.php?rest_route=\/wp\/v2\/pages\/39"}],"collection":[{"href":"https:\/\/www.gesundheitszentrum-suhl.de\/index.php?rest_route=\/wp\/v2\/pages"}],"about":[{"href":"https:\/\/www.gesundheitszentrum-suhl.de\/index.php?rest_route=\/wp\/v2\/types\/page"}],"author":[{"embeddable":true,"href":"https:\/\/www.gesundheitszentrum-suhl.de\/index.php?rest_route=\/wp\/v2\/users\/1"}],"replies":[{"embeddable":true,"href":"https:\/\/www.gesundheitszentrum-suhl.de\/index.php?rest_route=%2Fwp%2Fv2%2Fcomments&post=39"}],"version-history":[{"count":13,"href":"https:\/\/www.gesundheitszentrum-suhl.de\/index.php?rest_route=\/wp\/v2\/pages\/39\/revisions"}],"predecessor-version":[{"id":2966,"href":"https:\/\/www.gesundheitszentrum-suhl.de\/index.php?rest_route=\/wp\/v2\/pages\/39\/revisions\/2966"}],"wp:attachment":[{"href":"https:\/\/www.gesundheitszentrum-suhl.de\/index.php?rest_route=%2Fwp%2Fv2%2Fmedia&parent=39"}],"curies":[{"name":"wp","href":"https:\/\/api.w.org\/{rel}","templated":true}]}}